True
Does 5360 divide 681778119?
False
Is 14482349 a multiple of 106?
False
Is 32 a factor of 1886013152?
True
Does 69 divide 39131026?
False
Is 1250 a factor of 1557680000?
True
Is 245 a factor of 78037795?
False
Is 4 a factor of 372355?
False
Is 68 a factor of 373494479?
False
Is 665145306 a multiple of 882?
True
Is 172 a factor of 715267802?
False
Is 2675 a factor of 121038400?
True
Is 54829241 a multiple of 144?
False
Is 13876720 a multiple of 130?
True
Is 164200548 a multiple of 356?
False
Is 714277098 a multiple of 62?
False
Does 39 divide 54616841?
False
Does 14 divide 83614636?
True
Is 27358478 a multiple of 128?
False
Is 480 a factor of 214560?
True
Is 1816 a factor of 1642590057?
False
Is 1041 a factor of 181441095?
True
Is 27 a factor of 69929352?
True
Is 24204822 a multiple of 2546?
True
Is 1915 a factor of 83959345?
True
Does 86 divide 2799520848?
True
Is 2798582 a multiple of 980?
False
Does 343 divide 4066311?
False
Is 4 a factor of 206539?
False
Is 19 a factor of 61366411?
False
Does 7 divide 8393056?
True
Is 318 a factor of 5243528?
False
Is 937857816 a multiple of 14?
True
Is 1681339184 a multiple of 14?
True
Does 547 divide 23415036?
False
Is 11 a factor of 82343701?
True
Does 187 divide 18622021?
True
Is 14 a factor of 62601632?
False
Is 4424613 a multiple of 5?
False
Is 33936855 a multiple of 1630?
False
Does 2543 divide 247881468?
True
Does 24 divide 187597300?
False
Is 3076 a factor of 26232866?
False
Is 32 a factor of 1103298336?
True
Is 113 a factor of 144151330?
False
Is 119056488 a multiple of 1203?
False
Does 8 divide 46737115?
False
Is 5586625 a multiple of 14?
False
Does 386 divide 230164080?
True
Is 137 a factor of 47400047?
False
Is 47 a factor of 99856210?
False
Does 2885 divide 712586345?
True
Is 92415136 a multiple of 12?
False
Is 34 a factor of 2250439270?
False
Does 266 divide 231622426?
True
Is 269 a factor of 1287701117?
True
Is 315459005 a multiple of 5?
True
Is 18 a factor of 165574247?
False
Is 20352960 a multiple of 288?
True
Is 71058824 a multiple of 5?
False
Does 2461 divide 1936489280?
False
Is 1042843506 a multiple of 6371?
True
Is 32895606 a multiple of 271?
True
Does 30 divide 13054380?
True
Is 82 a factor of 9447263?
False
Does 44 divide 1376951796?
True
Is 169758697 a multiple of 1999?
False
Is 12710 a factor of 1809637090?
True
Does 544 divide 1109676623?
False
Does 24 divide 48078696?
True
Is 11 a factor of 71611529?
True
Is 59 a factor of 4459648?
False
Is 1798171127 a multiple of 11?
False
Is 708337102 a multiple of 1719?
False
Is 10 a factor of 1283070?
True
Is 1162 a factor of 145398736?
True
Is 436416597 a multiple of 8286?
False
Does 15 divide 1165888515?
True
Is 40 a factor of 360761528?
False
Is 8795743 a multiple of 5?
False
Is 117 a factor of 6827284?
False
Does 8 divide 414068099?
False
Is 109 a factor of 5237123?
True
Is 50 a factor of 387353179?
False
Is 2630985315 a multiple of 121?
False
Is 303551921 a multiple of 146?
False
Is 10131977 a multiple of 133?
False
Is 253 a factor of 728856928?
False
Is 11479987 a multiple of 251?
True
Is 5 a factor of 161991508?
False
Does 374 divide 16320986?
True
Is 359329284 a multiple of 81?
True
Is 908 a factor of 24360732?
True
Is 215372132 a multiple of 2223?
False
Is 7359 a factor of 97146143?
False
Does 3098 divide 1497535180?
False
Is 804 a factor of 140472443?
False
Is 347852096 a multiple of 136?
True
Is 160 a factor of 7874416?
False
Is 46 a factor of 863514381?
False
Is 407357039 a multiple of 138?
False
Is 12811668 a multiple of 28?
False
Does 29 divide 601971705?
True
Is 11 a factor of 245725927?
False
Is 63984408 a multiple of 4?
True
Does 67 divide 55690132?
True
Does 12129 divide 1938626586?
True
Is 140 a factor of 2011092020?
True
Is 56063048 a multiple of 999?
False
Is 16 a factor of 3081885819?
False
Does 10 divide 80587430?
True
Is 353173360 a multiple of 1780?
True
Does 16 divide 6733479?
False
Is 141 a factor of 764807265?
True
Is 120706440 a multiple of 3180?
True
Is 334124826 a multiple of 393?
False
Does 30 divide 6197010?
True
Is 68969140 a multiple of 10?
True
Does 42 divide 217687008?
True
Is 211 a factor of 3659520594?
False
Is 181 a factor of 297720930?
False
Does 969 divide 3440100760?
False
Does 9 divide 40255625?
False
Is 2 a factor of 240657036?
True
Is 122012940 a multiple of 1410?
True
Is 7209061 a multiple of 253?
False
Is 13 a factor of 10241504?
True
Does 264 divide 7242792397?
False
Is 2616171802 a multiple of 321?
False
Does 489 divide 79618980?
True
Is 70 a factor of 22520317?
False
Does 1549 divide 3898833?
True
Is 2 a factor of 211194535?
False
Is 24 a factor of 25675344?
True
Is 1871 a factor of 23637642?
False
Is 791 a factor of 748088722?
False
Is 12 a factor of 323619849?
False
Is 1011761328 a multiple of 647?
False
Is 285959142 a multiple of 2142?
True
Is 15 a factor of 967899157?
False
Is 18246248 a multiple of 1448?
True
Is 53 a factor of 187094556?
False
Is 5 a factor of 21219984?
False
Does 122 divide 7626342?
True
Is 1135090745 a multiple of 61?
True
Does 182 divide 11723748?
False
Is 443145 a multiple of 15?
True
Is 265952594 a multiple of 176?
False
Does 171 divide 12628020?
False
Is 82 a factor of 116735008?
False
Is 441 a factor of 89981199?
True
Is 147 a factor of 13977789?
True
Is 12 a factor of 96502069?
False
Is 227 a factor of 1126693616?
True
Is 5 a factor of 3718945?
True
Is 30476326 a multiple of 120?
False
Does 1626 divide 420519266?
False
Does 321 divide 337284330?
True
Is 219831747 a multiple of 557?
True
Is 2547150879 a multiple of 3963?
True
Is 14 a factor of 231835348?
False
Is 23 a factor of 36596896?
False
Is 4527711180 a multiple of 18?
True
Is 553 a factor of 449514898?
True
Is 2966 a factor of 217517542?
True
Is 26 a factor of 17889613?
False
Is 3 a factor of 183708568?
False
Does 100 divide 986478970?
False
Does 16 divide 3433601408?
True
Is 1655586445 a multiple of 21?
False
Does 12385 divide 4084465371?
False
Is 208 a factor of 3008096?
True
Is 27920640 a multiple of 11?
True
Is 2789241 a multiple of 3?
True
Is 101749102 a multiple of 218?
True
Does 5 divide 47846655?
True
Is 16 a factor of 16398576?
True
Is 222297480 a multiple of 222?
True
Does 35 divide 5220075?
True
Is 28175490 a multiple of 441?
True
Is 4440 a factor of 170509320?
True
Does 78 divide 34527302?
False
Is 155 a factor of 10939285?
False
Does 156 divide 32714177?
False
Is 7015908 a multiple of 168?
False
Is 61353179 a multiple of 41?
True
Is 52547264 a multiple of 616?
True
Is 217 a factor of 55961697?
False
Does 220 divide 31142417?
False
Is 7982351392 a multiple of 69?
False
Is 1315000 a multiple of 4?
True
Is 1973371 a multiple of 41?
True
Does 133 divide 423636122?
True
Is 65812908 a multiple of 2?
True
Does 25 divide 71015325?
True
Is 9 a factor of 19221052?
False
Is 1367 a factor of 196839798?
True
Is 1472 a factor of 1096171904?
True
Is 42 a factor of 49743078?
True
Is 15 a factor of 126248586?
False
Does 48 divide 20669663?
False
Is 13 a factor of 18053691?
False
Is 9 a factor of 55700532?
True
Does 31 divide 44826602?
False
Is 49 a factor of 74615921?
False
Is 232462946 a multiple of 71?
True
Does 74 divide 145136496?
True
Is 142148964 a multiple of 7?
False
Does 12 divide 3012492?
True
Is 224 a factor of 368246816?
True
Is 370 a factor of 70477678?
False
Does 37 divide 154193208?
True
Is 95 a factor of 581752260?
True
Does 1336 divide 872896976?
True
Is 11 a factor of 129720933?
False
Is 528401558 a multiple of 71?
False
Is 115 a factor of 6190917?
False
Is 508 a factor of 38925119?
False
Is 15143975 a multiple of 25?
True
Does 3357 divide 55202263?
False
Is 856 a factor of 13440056?
True
Is 177658042 a multiple of 492?
False
Does 3 divide 179752425?
True
Does 7 divide 130195478?
True
Does 354 divide 102057978?
False
Is 64 a factor of 7064448?
True
Is 355 a factor of 865452926?
False
Is 57602862 a multiple of 3277?
False
Is 87 a factor of 222721218?
True
Does 28 divide 136248476?
True
Does 14 divide 252233780?
False
Does 8 divide 182776?
True
Is 24 a factor of 299109384?
True
Does 790 divide 64409052?
False
Is 517 a factor of 129824904?
True
Does 31 divide 87867136?
False
Is 43461314 a multiple of 29?
True
Is 95 a factor of 565069571?
False
Is 3782 a factor of 213164866?
True
Does 6